32005 - 1?
22334132004
In base 12, what is -402192b - 2?
-4021931
In base 10, what is -1 - -31368766?
31368765
In base 13, what is -c680 - -b5?
-c598
In base 9, what is 12 - 185084?
-185072
In base 9, what is 866 + 3604?
4571
In base 15, what is 9e6121 + -16?
9e610a
In base 13, what is 13 - 156735?
-156722
In base 7, what is -2202 - -161163?
155661
In base 12, what is 503968 - 0?
503968
In base 6, what is -13055 - -10043?
-3012
In base 5, what is 3 + 1334030122?
1334030130
In base 6, what is -130 + 1231144?
1231014
In base 4, what is 2111213 + -13131302?
-11020023
In base 14, what is -126d + 124a2d?
1237a0
In base 7, what is 6344222 - 11?
6344211
In base 2, what is 10010 + -1001101001110110110?
-1001101001110100100
In base 4, what is -2001133 - -10332?
-1330201
In base 8, what is -230030502 - -4?
-230030476
In base 5, what is 3004 - -3342143?
3400202
In base 4, what is 3213 - -13023100231?
13023110110
In base 3, what is -2222222121100010 + -12?
-2222222121100022
In base 5, what is -113343301 - 122?
-113343423
In base 10, what is -15934 - -745?
-15189
In base 2, what is -1101000111100 - 100101100110?
-10001110100010
In base 2, what is -101001001111110011 - -111101110111?
-101000010001111100
In base 13, what is -24cb - 18c1?
-40bc
In base 7, what is 4141065 + -60?
4141005
In base 9, what is 2068862 - 61?
2068801
In base 15, what is -e720e4 - 18?
-e7210c
In base 11, what is 2 - 45aa961?
-45aa95a
In base 15, what is c53 - 17c9?
-a76
In base 14, what is 223 + -17788?
-17565
In base 3, what is 21100002022 - 110?
21100001212
In base 4, what is -10232 - -11011002?
11000110
In base 16, what is -c + -1c33a9?
-1c33b5
In base 6, what is 144 - -33451020?
33451204
In base 5, what is 3 - 414001144?
-414001141
In base 14, what is 130255 + 130?
130385
In base 6, what is 140435544304 - 3?
140435544301
In base 16, what is -cc + 2babb?
2b9ef
In base 5, what is -1000 - 33011443?
-33012443
In base 4, what is -232322231010 - -2?
-232322231002
In base 13, what is -1674 + a564?
8bc0
In base 4, what is -2023 + -3323130?
-3331213
In base 15, what is 1 - -652807?
652808
In base 11, what is 33 + 51912?
51945
In base 4, what is -1313 + 2223131120?
2223123201
In base 9, what is 7188 + 3631?
11830
In base 7, what is -512654 - -15?
-512636
In base 16, what is 34 - -1df0d?
1df41
In base 2, what is 10010001100001011100001001 - 1?
10010001100001011100001000
In base 12, what is 28940 + 286?
29006
In base 9, what is -35264254 + -5?
-35264260
In base 15, what is 464 - -6ecb?
7440
In base 7, what is 1463506 + 10226?
1504035
In base 15, what is -1d019 + -237?
-1d251
In base 3, what is 1121122101100 + -1202?
1121122022121
In base 16, what is -5c + be8e2?
be886
In base 7, what is -3 - -15150302?
15150266
In base 7, what is 1623 + 4532053?
4534006
In base 4, what is -211321 - 1301031?
-2113012
In base 14, what is 3a8c158a - -3?
3a8c158d
In base 12, what is -59 - 2269881?
-226991a
In base 4, what is 31022110032 + -12?
31022110020
In base 3, what is 22010020221 - 101100?
22002212121
In base 5, what is -2311214102 - 2?
-2311214104
In base 13, what is -3 + -59b05788?
-59b0578b
In base 5, what is 2 - -3312323013?
3312323020
In base 3, what is 21001210211020021 - 22?
21001210211012222
In base 11, what is 3 + 67034?
67037
In base 10, what is 39484 - -158?
39642
In base 12, what is -101312 - -224?
-1010aa
In base 15, what is -84 - -5edd5?
5ed51
In base 5, what is 21 - -1001021302?
1001021323
In base 16, what is 119 + -d993?
-d87a
In base 8, what is -5 + 532717?
532712
In base 14, what is -98 + -2d7d?
-3037
In base 15, what is 49 + -1308b0?
-130866
In base 5, what is 1002124 + -4131?
442443
In base 7, what is 11121 + -1031655?
-1020534
In base 14, what is 0 - -48a53b?
48a53b
In base 2, what is -111011000001010 + 10000100000111?
-101010100000011
In base 5, what is -411 - 131423343?
-131424304
In base 10, what is 26 + 1361215?
1361241
In base 8, what is 37126 + -2751?
34155
In base 12, what is -5 - 5baa402?
-5baa407
In base 14, what is -ac368 + -1b9?
-ac543
In base 12, what is -5 - -29ba76?
29ba71
In base 6, what is -1145452455 - 5?
-1145452504
In base 15, what is 7 - 209321?
-209319
In base 10, what is -4 - -15393971?
15393967
In base 14, what is 2a + -2c17c?
-2c152
In base 11, what is -3 - 42a6a40?
-42a6a43
In base 7, what is -24412 - -21135?
-3244
In base 4, what is -21313 - 10332013?
-11013332
In base 15, what is -29edb71 - 4?
-29edb75
In base 16, what is 1f10e674 - 2?
1f10e672
In base 10, what is 280 + -155937?
-155657
In base 5, what is -431021133 + 3?
-431021130
In base 4, what is -2 + 2320103032011?
2320103032003
In base 3, what is 11211100012102 - -110?
11211100012212
In base 16, what is -3 - 883f95?
-883f98
In base 15, what is -956 - 30448?
-30d9e
In base 12, what is 20669b - 35?
206666
In base 4, what is 12032112001011 - -1?
12032112001012
In base 6, what is 43515153 + -3?
43515150
In base 13, what is -2385 - -12a9?
-10a9
In base 9, what is 46 - 1780420?
-1780363
In base 14, what is 1711 - 1c0?
1531
In base 13, what is 4 + -20499c?
-204998
In base 8, what is -5 - 30747247?
-30747254
In base 14, what is -1335 + -69a?
-19d1
In base 2, what is -1110111100101010 + 100011100?
-1110111000001110
In base 3, what is 101211011 + 2200?
101220211
In base 2, what is -11010100110110 + -110010001111?
-100000111000101
In base 9, what is -2647051 - 31?
-2647082
In base 6, what is -412101444 + 4?
-412101440
In base 15, what is -1e9b39 + 13?
-1e9b26
In base 10, what is 23 - 516303?
-516280
In base 3, what is -11 + -10201220000011201?
-10201220000011212
In base 8, what is 1127 + 466364?
467513
In base 6, what is 1010305554 - -5?
1010310003
In base 16, what is -24 + -136598?
-1365bc
In base 11, what is -962a52 + 323?
-96272a
In base 12, what is 230a53 - -59?
230ab0
In base 6, what is 1 + 3412024342?
3412024343
In base 7, what is -30145205101 + 2?
-30145205066
In base 12, what is -150 + 35aa0?
35950
In base 16, what is 3261 - -3ff?
3660
In base 9, what is 115 + 7803868?
7804084
In base 16, what is -19c85f - -2?
-19c85d
In base 7, what is -165005 - 32222?
-230230
In base 12, what is -9030b6 + -6?
-903100
In base 5, what is 1 + 10234212222?
10234212223
In base 5, what is -220244 - -14304?
-200440
In base 6, what is -1 - -230155313?
230155312
In base 8, what is -103605 + -1270?
-105075
In base 6, what is -1 + 213004202?
213004201
In base 9, what is -231680 + -120?
-231810
In base 16, what is -ad348a - 1a?
-ad34a4
In base 13, what is -2abb8 - -16b?
-2aa4a
In base 4, what is -11 + -1013212132031?
-1013212132102
In base 6, what is 132234140 + -1?
132234135
In base 13, what is 6 + -b285bbc?
-b285bb6
In base 9, what is 20466070 + 26?
20466106
In base 15, what is 1 + 8c446e6?
8c446e7
In base 16, what is ca30e2 - 3?
ca30df
In base 2, what is -110 + 1000001010000011100011010?
1000001010000011100010100
In base 11, what is 3 - -43688123?
43688126
In base 6, what is 22332 - 4103?
14225
In base 4, what is 30201331 - 321331?
23220000
In base 16, what is -236815 + -1?
-236816
In base 5, what is -33341312011 - -2?
-33341312004
In base 2, what is 1111111110101 + -1001010100010011?
-111010100011110
In base 6, what is 13 - 104443?
-104430
In base 4, what is -10 + 2031232302111?
2031232302101
In base 9, what is -15 + 77536?
77521
In base 12, what is a - 19a152?
-19a144
In base 8, what is -13042 - 33012?
-46054
In base 16, what is -1c024 + 8c?
-1bf98
In base 2, what is 1000001100101110110 + -101?
1000001100101110001
In base 4, what is 0 + 13130312031021?
13130312031021
In base 12, what is 5 - -497a796b?
497a7974
In base 12, what is -6 - 7b56540?
-7b56546
In base 3, what is 111 + 212111010001?
212111010112
In base 2, what is -11010011 + 111100000001111011010?
111100000001100000111
In base 9, what is -50 - 1656270?
-1656330
In base 5, what is -220320311 - 10?
-220320321
In base 3, what is 101200121110001210 + -2?
101200121110001201
In base 14, what is -105 + 402?
2db
In base 3, what is -20012020210021 + -11?
-20012020210102
In base 8, what is -10 - 2530314?
-2530324
In base 3, what is -1 - -1120212201021220?
1120212201021212
In base 9, what is 74360748 + -3?
74360745
In base 8, what is -1115 - -2746?
1631
In base 6, what is 12244150131 + -5?
12244150122
In base 9, what is 8611 - -70384?
80105
In base 11, what is -60a610 - -7?
-